 -3 + (-6 + 0 - ((18 - 29) + 8)) - -8.
2
What is -73 + -9 - (-166 + 109)?
-25
What is (0 - 99) + (-7510 - -7597)?
-12
What is the value of (-2 - -28) + 53 + (-58 - -24)?
45
What is the value of -12 - (13 + -2 - (-34 + (-23 - -73)))?
-7
What is the value of 66 + -5 + 6 - (33 - 11)?
45
What is -14 - (-42 - (-3 + 8 + 19 + -14))?
38
Calculate -19 + (1 - -5) + (15 - 9).
-7
What is the value of 0 - (1 + (15 - -37))?
-53
Calculate (-25 - 1) + 21 - (7 - (4 - -54)).
46
Evaluate -50 - -91 - (0 + 6) - 16.
19
(-117 - 1) + (46 - (-20 + 6 + 42))
-100
Evaluate -6 - (1 + 0 + (-12 - (24 + 10 + -22))).
17
Calculate (-1 - -56) + -48 + 42 + -30 + -5 + 39.
53
(5 - -8 - ((-14 - -24) + 2)) + 4
5
-3 - 56 - (106 + 80 + -157)
-88
What is the value of -15 + 32 - 5 - (32 - (21 - 29))?
-28
What is the value of -21 + (4 - (-14 - -5)) + (19 - 8) + 23?
26
-139 + (-43 - -72 - -15)
-95
-7 + 1 - (44 + 36 + -26 + -39)
-21
Evaluate (-1110 + 1159 - (46 - 1)) + -85.
-81
(-1 + (5 - 8) - -4) + -89 + 151
62
(-87 - 43) + 8 + -26 + 2
-146
Calculate (80 - 170 - 15) + 99.
-6
What is -2 + (7 - -52) - (23 - (-17 + 34))?
51
What is -407 + 411 + 39 + -2?
41
Calculate (20 - -32) + (-37 - 11).
4
Evaluate 39 + (-59 - -55) + -40.
-5
Calculate 3 - 15 - ((-4 - -1) + -51 + 49).
-7
What is -9 + (-60 + 55 - -16)?
2
Calculate 8 + 2 + (-16 - 6) + 2.
-10
What is 19 - (-15 + -20 + 23 + 14)?
17
-3 + -2 + (184 - 127)
52
Calculate 66 - (124 + -80) - (1 - (-13 + 3)).
11
(-6 - -2) + (-4 - 3) + 6 + 61 - 9
47
Calculate 1 + (-12 - (8 + -31)) - 102.
-90
Calculate 11 + 92 + -91 + (2 - -12).
26
(15 - (35 - 20)) + -14 + 1
-13
Evaluate -456 - -411 - (40 + 3).
-88
What is the value of 181 + -91 + -5 + 8 - -17?
110
40 + -11 + -3 + -13
13
What is -58 + -64 + 152 + 7?
37
Calculate -1 + (2 - -1 - 1) + (14934 - 14949) + 29.
15
(1 - -5) + (-25 + -1 - -15) + -43
-48
What is (4 + (-12 - (1 - 0)) - (-36 - -39)) + -73?
-85
Evaluate -129 + 31 + 12 + -57.
-143
Evaluate 125 + (76 - (160 - -113)).
-72
What is 13 + (2 - 23 - -10) - (11 + -1) - -66?
58
-1 - 34 - (28 + -21) - (24 - 32)
-34
(1 - (-11 - -1)) + 31024 + -31047
-12
Evaluate 40 - (26 + -6 + -10 + (-5 - -11)).
24
Calculate -6 - -6 - (-13 + -13) - 97.
-71
Evaluate 0 + -12 + -72 + 44 + (-1 - 11).
-52
Evaluate -38 - (6 + 29 + -31).
-42
Calculate -37 - (-10 - 7 - (-39 + 0)).
-59
0 - -21 - (6 + 47) - 5
-37
What is the value of 0 + 6 + -6 + (-63 - -42)?
-21
1 + 1 - (29 + -35 - 84)
92
Calculate 895 - 887 - (-13 + 2).
19
What is -20 + -57 + -15 - 8 - -12 - (-2 - -1)?
-87
What is (-2 - (5 + 4)) + (80 - (31 + 1 + -17))?
54
Evaluate (-1 - -104) + (322 - 306) + (0 - 13 - 0).
106
What is -102 - -120 - -107 - 199?
-74
Evaluate 20 - (-870 + 860 - (-22 + -1)).
7
What is 6 - -48 - 144 - -135?
45
-13 - -10 - (-31 + 6 + 19) - (71 - 4)
-64
Evaluate -23 + (-2 + 19 - (-197 - -202)) - 1.
-12
Evaluate 59 + (-20 - 21) + -65.
-47
Calculate 10 + (-23 - (-26 - -17 - -13 - 7)).
-10
Evaluate 11 + (0 - (9 - -11)) + -11 + 72.
52
Evaluate (-38 - 10) + 3 + 7.
-38
What is the value of (-11 - -7) + 0 - (-2 - 4) - (100 + -132)?
34
What is the value of -9 + (-1 - -1 - 3) + 769 + -776?
-19
Calculate (-30 - (31 - 56)) + 75 - 9.
61
-11 - (64 + -58 - -26)
-43
2 + 1 + -4 + -1 + 15 - (373 + -352)
-8
Calculate 1966 + -1953 - (-2 - (-39 - -2)).
-22
What is -2 + (0 - -15) + (790 - 807)?
-4
What is the value of (10 - 2) + (-21 - 1) - 5?
-19
What is the value of (2586 - 2647) + (17 - 5) + 2?
-47
What is the value of (0 - 15) + (23 - -53 - 67) - (0 + 32)?
-38
What is -14 + (-15 - (-28 - -28))?
-29
What is -5 - -49 - (0 + (-8 - -16 - 5) + -7)?
48
Evaluate -738 + 709 + (7 - -60) + -4.
34
Calculate 18 + 13 - (-87 - -107).
11
(-10 - (-14 - -7) - 5) + -9 + -2 + 4
-15
What is 5 - ((14 - 28) + 7) - -13?
25
What is the value of -192 + 94 + 96 - 104?
-106
0 + -9 - (-30 - ((30 - 53) + 43))
41
Calculate 82 + 1 + 39 + -30.
92
What is the value of 60 - (-153 + 219) - (0 + -2 + 39)?
-43
Evaluate 9 - (110 + -57) - (8 + 16).
-68
Calculate 49 - 12 - (-28 + 50).
15
Evaluate (1 - 50) + (-48 - -39) + -52 + 46.
-64
4 - (24 - (7 - -4) - 10)
1
Calculate -94 + (4 - (3 + -1)) + (-713 + 502 - -207).
-96
(17 - 5 - 33) + (109 - 54)
34
Calculate (8 - (144 + -10)) + (0 + 18 - 16).
-124
What is 4 - (-106 + 106 - (0 + (-6 - -3) + -4))?
-3
10 - (-13 + 0 + 6 + 48 + 19)
-50
Calculate 12 + 4 + -167 + 84.
-67
Evaluate (-1 - 0) + 10 + -15 + -13 + (-18 - -77).
40
2 + -1 + -5 + 1 - (88 + 80 - 178)
7
-2 + 43 + 82 + -66 + -18
39
Calculate (102 - (330 - 346)) + (-1 - -1 - 12).
106
What is the value of 253 + -223 + -21 + 1?
10
Evaluate 0 - -8 - (342 + -377 + 2 + 22).
19
Evaluate -25 + (-12 - (-35 + 7) - 14 - (5 - 5)).
-23
What is -42 - (0 - 5 - (-34 + -26 + 50))?
-47
What is 0 - 0 - (11 + -3) - (-31 - -58 - -24)?
-59
42 - 18 - (23 + -8 - -18)
-9
Calculate 4 + -1 + -2 + 1 + -5 + 474 + -468.
3
Evaluate (-12 - -19) + -39 - (-10 + 32 + -29).
-25
-8 - (1658 + -1628 + 34 + -1)
-71
Evaluate (-7 - (52 - 53) - (-53 - -2)) + -13 + 2.
34
What is the value of 44 - -1 - (-552 + 386 + 166)?
45
Calculate -429 - -439 - ((4 - 8) + 24).
-10
Evaluate 2 + 104 + 437 + -548.
-5
Evaluate 171 - (98 + -69 - -64).
78
Evaluate 58 + -98 + 94 + 4 + (7 + -5 - 21).
39
Evaluate -6 + -14 + 3 + 16 + (2 - 8).
-7
What is -66 + (27 - ((3 - 0) + 8) - 5)?
-55
Calculate 58 - (38 - (3 - -20)) - -11.
54
Evaluate 6 + (-3 - -4 - (-6 - -24)).
-11
What is the value of 70 + 2 + -86 + 6?
-8
Evaluate 108 + 0 + (-3098 - -3033).
43
6 - (125 + -76 + (1 - 0)) - -9
-35
What is the value of -1 + (13 - 9) - 15 - (-4 + -10)?
2
(-20 - (-10 + (20 - 10))) + -12 + -6 + -1
-39
Evaluate 0 - -4 - (-8 + -7) - -21.
40
(5 - 0) + (3162 - 3115 - (-1 + -18))
71
What is (63 - -14) + -24 + 49 + (-1 - (1 - -2))?
98
(11 - -1) + -8 + 14 + 3 + 1 + -8
14
(-68 - -115) + -32 - 76
-61
Evaluate -1 + (-1 - -6) - -7 - (31 - 5).
-15
Evaluate (-10 - (3 + (-17 - -4))) + 6 + 85.
91
What is 108 + (14 - 25) - 56?
41
Calculate -2 - -47 - (3203 - 3135).
-23
What is the value of (-1 + -19 - (17 - 30) - -21) + -68?
-54
What is 0 - 1 - ((4 - 18) + -18 + 26)?
5
What is the value of -2 - -3 - (-19 + 29) - (3 + -7)?
-5
6 + -20 - ((7 - (-3 - 4)) + -162)
134
Calculate 293 - 316 - (-20 - 2).
-1
What is (-1 - -1 - 0) + (11 - 8) + 1 - -15?
19
What is the value of (-53 - (29 + -42)) + 5 + -2 + -11?
-48
What is 213 + -229 + (2 + -4 - -56)?
38
Evaluate -35 + (1 - (-10 + 8)) + -11 - 5.
-48
Calculate (9 + -29 - -2) + (4 - -7) + -1.
-8
Calculate ((2 - 3) + -3 - 48) + 0 + -31 + 43.
-40
What is the value of 39 + (14 - ((6 - (10 + -6)) + 12))?
39
What is -36 + (26 - (-10 + 43 + -7))?
-36
What is the value of -68 - 0 - (9 + (-18 + 0 - -2))?
-61
What is the value of -41 - (73 - 55 - 100)?
41
What is the value of (5 - (10 + 19)) + 106 + -25?
57
Calculate 769 + -769 + (14 + 3 - -2).
19
What is the value of 0 + 29 + (-18 - (-31 + 23)) - (1 + -2)?
20
What is the value of -5 + -11 + -39 + (-8 - -22) + 2?
-39
What is 28 - (27 - (-40 - -16)) - -96?
73
What is 32 + 8 + (-22 - -22)?
40
Calculate 35 + (-54 + 28 + -13 - -8).
4
2 - -13 - (36 + -31)
10
What is (463 - 459) + (2 + 1 - -16)?
23
Calculate (48 - 35) + 174 + -173.
14
Evaluate 2 + 3 + -5 + -15 - (-16 - (-90 + 135)).
46
Evaluate -480 - -485 - (-12 - 1) - 0.
18
What is the value of -20 - (-24 + 34 - 26) - (2 - 6)?
0
(115 - 148 - 26) + -6
-65
What is the value of (7 - 45 - -163) + -24 + 5?
106
Evaluate -101 - -35 - -39 - -22 - 54.
-59
Evaluate 12 + (-29 - -22) + (-3 - 8).
-6
What is the value of 3 + (-10 - -7) + 3 + -8 + (20 - 8)?
7
Evaluate (27 + -5 + -3 - 10) + 9.
18
Calculate (-165 + 180 - (-17 - -2)) + -13.
17
What is the value of (16 + 6 - 13) + 3 + 88 - 21?
79
What is the value of 1 + 0 - 2 - (7 + (-13 - -8) + -14)?
11
Calculate (9 + -18 - 9) + -11 - -3.
-26
Calculate 22 + (-127 - (-34 - 93) - (-101 + -1)).
124
-126 + 99 + -96 - -45
-78
Calculate 50 - (-32 - (-20 - -30)).
92
What is 19 + 52 + 268 + -272?
67
Calculate (13 + 24 + 14 + 0 - (5 + -2)) + -3.
45
Calculate (-1 - 1 - 13) + 18 + -64 + 48 + 55.
42
Evaluate -9 - 11 - -38 - (-49 + 8 + -3).
62
Evaluate -1 - -46 - (2 - -7 - 8) - (-511 + 509).
46
Evaluate (1 - 5) + -19 + 26 + 15 + -14.
4
What is the value of 3 + -20 + (1 - (5 - (-2 - -9))) + 131?
117
Evaluate 1 + 25 + -37 + (6 - -14) - -21.
30
5 + -37 + 60 + 12
40
Evaluate (1 - (0 + -6)) + (159 - (-129 + 337)).
-42
Calcula